{"version":"1.0","provider_name":"Office and Commercial spaces for rent","provider_url":"https:\/\/location-teychene.com\/en","title":"Bureau \u00e0 louer \u2022 Blagnac \u2022 105 m\u00b2","type":"rich","width":600,"height":338,"html":"<blockquote class=\"wp-embedded-content\" data-secret=\"O3YGRdZsTk\"><a href=\"https:\/\/location-teychene.com\/en\/bureaux_et_commerces\/immobilier-professionnel-a-louer-blagnac\/\">Immobilier Professionnel \u00e0 louer Blagnac<\/a><\/blockquote><iframe sandbox=\"allow-scripts\" security=\"restricted\" src=\"https:\/\/location-teychene.com\/en\/bureaux_et_commerces\/immobilier-professionnel-a-louer-blagnac\/embed\/#?secret=O3YGRdZsTk\" width=\"600\" height=\"338\" title=\"&#8220;Immobilier Professionnel \u00e0 louer Blagnac&#8221; &#8212; Bureaux et commerces \u00e0 louer\" data-secret=\"O3YGRdZsTk\" frameborder=\"0\" marginwidth=\"0\" marginheight=\"0\" scrolling=\"no\" class=\"wp-embedded-content\"><\/iframe><script>\n\/*! This file is auto-generated *\/\n!function(d,l){\"use strict\";l.querySelector&&d.addEventListener&&\"undefined\"!=typeof URL&&(d.wp=d.wp||{},d.wp.receiveEmbedMessage||(d.wp.receiveEmbedMessage=function(e){var t=e.data;if((t||t.secret||t.message||t.value)&&!\/[^a-zA-Z0-9]\/.test(t.secret)){for(var s,r,n,a=l.querySelectorAll('iframe[data-secret=\"'+t.secret+'\"]'),o=l.querySelectorAll('blockquote[data-secret=\"'+t.secret+'\"]'),c=new RegExp(\"^https?:$\",\"i\"),i=0;i<o.length;i++)o[i].style.display=\"none\";for(i=0;i<a.length;i++)s=a[i],e.source===s.contentWindow&&(s.removeAttribute(\"style\"),\"height\"===t.message?(1e3<(r=parseInt(t.value,10))?r=1e3:~~r<200&&(r=200),s.height=r):\"link\"===t.message&&(r=new URL(s.getAttribute(\"src\")),n=new URL(t.value),c.test(n.protocol))&&n.host===r.host&&l.activeElement===s&&(d.top.location.href=t.value))}},d.addEventListener(\"message\",d.wp.receiveEmbedMessage,!1),l.addEventListener(\"DOMContentLoaded\",function(){for(var e,t,s=l.querySelectorAll(\"iframe.wp-embedded-content\"),r=0;r<s.length;r++)(t=(e=s[r]).getAttribute(\"data-secret\"))||(t=Math.random().toString(36).substring(2,12),e.src+=\"#?secret=\"+t,e.setAttribute(\"data-secret\",t)),e.contentWindow.postMessage({message:\"ready\",secret:t},\"*\")},!1)))}(window,document);\n\/\/# sourceURL=https:\/\/location-teychene.com\/wp-includes\/js\/wp-embed.min.js\n<\/script>","thumbnail_url":"https:\/\/location-teychene.com\/wp-content\/uploads\/2026\/01\/1768987583_LP285_1_original.jpg","thumbnail_width":2000,"thumbnail_height":1500,"description":"Situ\u00e9 au 1er \u00e9tage de BUROLINES 2, cet espace de bureaux de 105 m\u00b2 offre un cadre id\u00e9al pour votre activit\u00e9 professionnelle :Surface : 105 m\u00b2Agencement :1 bureau + 1 open space\u00c9quipements :Prises RJ45 pour une connexion r\u00e9seau optimaleMoquettePossibilit\u00e9 d'acqu\u00e9rir les meubles actuelsStationnement : 3 places de parking r\u00e9serv\u00e9esEn rez-de-chauss\u00e9e de Burolines 2, profitez d'un espace commun de 245 m\u00b2, comprenant :Une cuisine \u00e9quip\u00e9e (micro-ondes, r\u00e9frig\u00e9rateur),Un espace salle \u00e0 manger,Un espace d\u00e9tente convivial avec baby-foot et jeu de fl\u00e9chettes.Id\u00e9al pour une \u00e9quipe \u00e0 la recherche d\u2019un cadre de travail dynamique et agr\u00e9able.Pour plus de renseignements ou une visite, contactez-nous d\u00e8s maintenantProvision sur charges 265 \u20ac HT\/mois, r\u00e9gularisation annuelle. D\u00e9p\u00f4t de garantie 3 279 \u20ac. DPE en cours. Les informations sur les risques auxquels ce bien est expos\u00e9 sont disponibles sur le site G\u00e9orisques : georisques.gouv.fr."}

Bureau à louer • Blagnac • 105 m²

<blockquote class="wp-embedded-content" data-secret="O3YGRdZsTk"><a href="https://location-teychene.com/en/bureaux_et_commerces/immobilier-professionnel-a-louer-blagnac/">Immobilier Professionnel à louer Blagnac</a></blockquote><iframe sandbox="allow-scripts" security="restricted" src="https://location-teychene.com/en/bureaux_et_commerces/immobilier-professionnel-a-louer-blagnac/embed/#?secret=O3YGRdZsTk" width="600" height="338" title="&#8220;Immobilier Professionnel à louer Blagnac&#8221; &#8212; Bureaux et commerces à louer" data-secret="O3YGRdZsTk" frameborder="0" marginwidth="0" marginheight="0" scrolling="no" class="wp-embedded-content"></iframe><script>
/*! This file is auto-generated */
!function(d,l){"use strict";l.querySelector&&d.addEventListener&&"undefined"!=typeof URL&&(d.wp=d.wp||{},d.wp.receiveEmbedMessage||(d.wp.receiveEmbedMessage=function(e){var t=e.data;if((t||t.secret||t.message||t.value)&&!/[^a-zA-Z0-9]/.test(t.secret)){for(var s,r,n,a=l.querySelectorAll('iframe[data-secret="'+t.secret+'"]'),o=l.querySelectorAll('blockquote[data-secret="'+t.secret+'"]'),c=new RegExp("^https?:$","i"),i=0;i<o.length;i++)o[i].style.display="none";for(i=0;i<a.length;i++)s=a[i],e.source===s.contentWindow&&(s.removeAttribute("style"),"height"===t.message?(1e3<(r=parseInt(t.value,10))?r=1e3:~~r<200&&(r=200),s.height=r):"link"===t.message&&(r=new URL(s.getAttribute("src")),n=new URL(t.value),c.test(n.protocol))&&n.host===r.host&&l.activeElement===s&&(d.top.location.href=t.value))}},d.addEventListener("message",d.wp.receiveEmbedMessage,!1),l.addEventListener("DOMContentLoaded",function(){for(var e,t,s=l.querySelectorAll("iframe.wp-embedded-content"),r=0;r<s.length;r++)(t=(e=s[r]).getAttribute("data-secret"))||(t=Math.random().toString(36).substring(2,12),e.src+="#?secret="+t,e.setAttribute("data-secret",t)),e.contentWindow.postMessage({message:"ready",secret:t},"*")},!1)))}(window,document);
//# sourceURL=https://location-teychene.com/wp-includes/js/wp-embed.min.js
</script>

Situé au 1er étage de BUROLINES 2, cet espace de bureaux de 105 m² offre un cadre idéal pour votre activité professionnelle :Surface : 105 m²Agencement :1 bureau + 1 open spaceÉquipements :Prises RJ45 pour une connexion réseau optimaleMoquettePossibilité d'acquérir les meubles actuelsStationnement : 3 places de parking réservéesEn rez-de-chaussée de Burolines 2, profitez d'un espace commun de 245 m², comprenant :Une cuisine équipée (micro-ondes, réfrigérateur),Un espace salle à manger,Un espace détente convivial avec baby-foot et jeu de fléchettes.Idéal pour une équipe à la recherche d’un cadre de travail dynamique et agréable.Pour plus de renseignements ou une visite, contactez-nous dès maintenantProvision sur charges 265 € HT/mois, régularisation annuelle. Dépôt de garantie 3 279 €. DPE en cours. Les informations sur les risques auxquels ce bien est exposé sont disponibles sur le site Géorisques : georisques.gouv.fr.
